- -17)
34
What is the value of (7 - -27) + (-170 - -140)?
4
What is the value of -7 + 11 + -28 + 8 + 10 + -3?
-9
Evaluate 9 - (1 + (-19 + (0 - -5) - -7)).
15
What is 1 + -11 + 13 + 0 - 0?
3
Calculate -23 - (-56 + -3) - 12.
24
Evaluate 11 + -29 + 6 + 24.
12
Evaluate 15 + -6 + -6 + 10 + -5.
8
What is the value of (-5 - 12) + 9 + 5 + -3 + 5?
-1
118 + -124 + 7 + -24 + 4
-19
-22 + 6 - (32 - 26)
-22
Calculate 1 + -4 - (-5 + 0).
2
1 + (11 - 17) + 2
-3
What is the value of -13 + (-1 + -6 - (10 + 5 + -18))?
-17
What is (13 - (25 + 3)) + 2 + -2?
-15
What is the value of (-10 - -23) + -16 + 3 + 21?
21
Evaluate 10 - -3 - (91 - 79) - 29.
-28
Evaluate (-2 - -2) + -10 - (-1529 - -1543).
-24
Calculate 3 - (0 - 13) - (10 - 6).
12
Evaluate -7 - (5 + -12 + -1) - -11.
12
12 + -5 + (-19 - (20 + -2))
-30
Calculate 1 - 12 - (5 - 23 - -16).
-9
Calculate 4 + 1 + -7 - (0 + 11).
-13
What is the value of (-10 - (6 - 13)) + 14?
11
22 + (-5 - 12) - (8 - -3)
-6
What is -1 - -5 - (13 + -40 + 47)?
-16
What is the value of -9 + (-1 - (-7 - 8))?
5
Evaluate -1 - (-3 + -1 + (0 - 2)).
5
Calculate (26 - 35) + (5 - -1 - -4).
1
-1 - -4 - (0 - (-10 - -4)) - 2
-5
Calculate (0 - 1) + -7 + 3 - (-209 + 193).
11
What is the value of -27 - -26 - (0 - -2 - 4 - -5)?
-4
(4 - 7 - -1) + (1 - -4)
3
Calculate 16 - (-21 + 21 - -2).
14
What is the value of 8 - (-9 + 10 + -4 + 7)?
4
-7 + (5 - (6 - (8 + 1)))
1
-2 - -10 - (-313 - -315 - (-2 + -1))
3
What is (-8 - 2) + (53 - 29 - 11)?
3
Calculate -3 + (15 - 17 - -5).
0
What is -3 + 5 + -10 + (14 - 12)?
-6
2 + (-123 - -114 - (14 - -1))
-22
Calculate -2 - (-5 - (-1 + -12)).
-10
Evaluate 2 - -12 - (-11 + -19 - -27).
17
What is -23 - -70 - (48 + -3)?
2
Evaluate 3 - (7 - (-12 + (14 - -8))).
6
Evaluate (-1 - -2) + -2 + (63 - (112 - 56)).
6
What is 1 + -2 + 4 - (17 + -12)?
-2
Calculate (-4 - (1 - -1)) + (-2 - -2) - -4.
-2
Calculate (1 - 42) + (1275 - 1245).
-11
Evaluate -4 + 1 + -11 + 24 + -4.
6
Calculate -24 + (1 - -18 - (-27 + 37)).
-15
What is the value of 0 + -16 + -15 + 12 + 5?
-14
What is the value of 28 - 19 - 33 - -9?
-15
Evaluate 2 + ((55 - 53) + -2 + 10 - 4).
8
Evaluate (27 + -10 + -9 - 9) + 8 + -1.
6
-4 - ((-11 - (1 - 6)) + -9)
11
Evaluate 11 + -15 + (18 - 12).
2
What is 2 + -3 + (-2 - (-14 - -19))?
-8
What is the value of -27 + 16 + (-13 - -19)?
-5
What is (59 - 37) + -17 + -1 + 5?
9
(-54 - (9 + -40)) + 27
4
11 - (83 - 26 - 28)
-18
Evaluate (-12 - -59 - 40) + (7 - -1).
15
Calculate (16 - (18 + 4)) + -5 - 2.
-13
What is the value of (31 - 43) + 22 - (9 - 0)?
1
Calculate (5 - -2) + (820 - 833).
-6
What is 0 + -14 - (23 - 23)?
-14
What is the value of 4 + (-1 - -14) + 2 + -7?
12
What is the value of 10 - (28 + -36) - 9?
9
What is (271 + -257 - (35 + 1)) + 3 + 0?
-19
What is 49 + -32 + 9 - 5?
21
What is 4 - (-5 - (5 + 0 - 6))?
8
What is the value of (-2 - -1 - 13) + -15 + 15?
-14
Evaluate 38 + (-14 - -35 - 29).
30
Calculate (180 - 182) + (-1 - -2 - 4) + -8.
-13
1 + (0 - (-8 - -16))
-7
9 - (-4 - ((-31 - -37) + -13 + -1))
5
What is 5 - (4 + 1 - (-6 + (7 - -8)))?
9
What is the value of 6 + (-19 - (0 + 0) - (2 - 4))?
-11
12 - 14 - (-19 + 2 + 0 + 3)
12
Evaluate -4 - (-16 - (3 + -7 + (-4 - -1))).
5
Calculate -11 + (-9 - (3 - 11) - 8).
-20
What is 48 + 9 + 88 + -133?
12
Evaluate 10 + (-12 - (1 + -7 + -2)).
6
1 - (7 + -8 - -3 - -5)
-6
Calculate (1 - 20) + (-45 - (-99 - -69)).
-34
Calculate -1 + 0 - -11 - (103 + -91).
-2
Calculate 3 + -7 + -4 + -1 + 24 + 3.
18
What is the value of -5 - (-11 + (-3 - 3 - -12)) - -6?
6
What is the value of 3 - ((0 - 3) + 25 + (-76 - -76))?
-19
Calculate (-13 - -14) + -10 + 16.
7
-9 + 20 + 2 + -10
3
What is (1 - (3 - 0)) + (14 - 18)?
-6
-4 - (-26 - -48) - (-3 + 0)
-23
Calculate 14 + -5 + (4 - 3).
10
Calculate 22 + (-1 + (-5 - -1) - (446 - 446)).
17
What is the value of -1 - (-3 + 4 + 4) - (-10 + -6)?
10
Evaluate -143 - -140 - (2 + -21).
16
Evaluate 14 + (-6 - (12 - (9 + 24))).
29
-2 + 5 + 4 - (43 + -28)
-8
What is the value of (-6 - 0) + (-17 - -59) + -9 - 8?
19
Evaluate 5 + -4 + 4 - (-30 + 23 + 0).
12
What is (10 + -79 - 3) + 39?
-33
Evaluate -5 + 17 + (27 - 14) + -7.
18
What is 3 + 0 + (73 - 29 - 26)?
21
(-23 - (8 - 14)) + 0 + 17
0
Evaluate (2 - 10) + (-11 + 2 - (27 - 40)).
-4
What is 14 - (-4 - -3 - (6 - 8) - 5)?
18
What is 0 - -12 - (-1749 + 1746)?
15
What is -737 + 751 + (-5 - 1 - 1)?
7
What is the value of -33 + 33 - (0 - 5 - (0 + 1))?
6
Calculate -953 + 945 + (3 - 1 - (-2 - -23)).
-27
Calculate (-25 - (-41 - 0)) + -21.
-5
What is the value of 35 + (11 - 24) - -1?
23
Calculate 4 - (20 + -6 + -9 + 2 + -18).
15
Calculate (8 - (-3 + 3 + -3)) + 20.
31
Evaluate (1465 - 1434) + 1 + -5.
27
Calculate -15 + (18 - 27) - -22.
-2
What is the value of -42 + 70 + (-18 - 1)?
9
Evaluate (8 - (-3 - (-1 - 7))) + 8.
11
Evaluate 10 - 3 - -5 - 10 - (-1 - 9).
12
What is 5 + 1 - (-759 + 766)?
-1
Calculate (-8 - (0 + 0)) + (-92 - (-212 - -110)).
2
-1 - (-4 + 12 - -1) - -10
0
What is -15 - (-10 + 19 + -19)?
-5
-11 + -35 + 21 - -5
-20
What is 6 + -12 + 6 - 5 - (-1 - 4)?
0
-108 + 107 - (-1 + (4 - 2) - -5)
-7
-1 + (6 + -3 - 2) + 0 + -6
-6
3 - (-8 - (-11 - -6) - -3 - -22)
-19
(14 - 9) + -2 + -9
-6
(24 - 31 - -40) + -13
20
Calculate -3 + (-8 + 13 - (-2 + -2)) + 4.
10
What is -45 + 24 + 0 + -13?
-34
Evaluate 2 + -1 - (-23 - (21 - 45)).
0
16 - 29 - (-12 + -3)
2
What is -2 + 1 + 11 + 22 + -35 + 14?
11
What is 16 - (6 + -17 - -22)?
5
What is the value of -9 - (-4 - (-8 - -6))?
-7
(-4 - 1) + 23 + -11
7
Evaluate (-33 - (1 - 3)) + 30 + -23 + -10.
-34
Evaluate (2 - -14) + -1 + (15 - (-55 - -75)).
10
Calculate 5 - 0 - (44 - 46).
7
Evaluate 6 + ((27 - 3) + -2 - 12).
16
25 + -14 + -31 + 25
5
Calculate (3 - -2) + -228 + 193.
-30
Evaluate 3 + (-6 - -2) + -5 - (78 - 72).
-12
(39 - (34 - 12)) + -32
-15
Calculate 7 - (8 + -9) - (-2 - -15).
-5
What is the value of 1 - (8 + -4 + -1 + 2) - 0?
-4
What is the value of (-3 - (1 - (5 - -5))) + -9?
-3
What is the value of (12 - 5 - 5) + (2 - -1) - 20?
-15
Calculate 57 - 60 - (2 + 21).
-26
-1 - (4 - 3 - 7 - 4)
9
Calculate (31 - 3) + (-240 - -221).
9
-1 + ((8 - -3) + -4 - (-3 - -9))
0
Evaluate -2 - (49 - (41 + -14)).
-24
Calculate 7 + -2 + 2 - (5 - -4).
-2
Calculate 8 + (10 - 31 - -6).
-7
(9 + 5 + -11 - 5) + 4
2
What is the value of -10 - ((0 - 6) + 6) - 0?
-10
(-3 - (9 + -13)) + -5 + 7
3
What is -603 + 619 - (3 + 8 - -3)?
2
What is 41 + -13 + -39 + 6?
-5
Calculate 109 - 109 - (2 + 19).
-21
What is the value of -7 - (3 + -7 + 6 + -10 + 8)?
-7
What is 30 + 3 - (-9 - -28)?
14
Calculate 24 - (-8 + 33 + 6).
-7
What is the value of (-1 - (6 - 7) - 6) + 38 + -28?
4
Evaluate -1 + -6 + 3 + (-3 - (-15 + -2)).
10
Calculate 17 + -10 - (4 + -1) - 3 - 12.
-11
What is the value of (9 - 2) + (11 - 20) + -18?
-20
What is (1 - -5) + (-15 - -3)?
-6
-35 - ((33 - 9) + -61)
2
Calculate (3 - (11 + -9) - -1) + 1 + -1.
2
What is -7 - (10 - (-6 + 1 + -3 + 12))?
-13
(-9 - (11 - 25 - 5)) + -7
3
Evaluate -20 - -50 - 27 - (9 + -1).
-5
Calculate (-21 - -19) + 21 + 4.
23
Calculate 102 - 102 - (-2 + -3).
5
What is the value of (1589 - 1584 - (-5 - (-2 + 1))) + 5?
14
1 + (-14 - 5) + 5 + 1
-12
What is 9 + (66 - 62) - (0 + -12)?
25
Evaluate 12 + -6 + 6 + -3 + (11 - 13).
7
Calculate (-68 - -29) + 33 - (1 - 30).
23
Calculate 11 - (-1 - -6 - -6).
0
Evaluate (-15 - (4 + -9)) + 7 + 14.
11
What is -30 + 10 - -7 - 2?
-15
Calculate -20 + (-2 - 1 - -5 - (22 - 10)).
-30
What is the value of 44 + 28 + -69 + -16?
-13
19 - ((14 - -8) + -18)
15
Calculate -1 - 0 - 2 - (-9 + 19 + -2).
-11
Evaluate -10 + 28 + -3 + (-8 - -2).
9
2 + (-29 + 15 - -7)
-5
Evaluate (-2 - -16) + -37 + 42 + (-1 - 9).
9
What is -23 - (-40 + 17 - 3)?
3
What is (-3 + 27 - 4) + -20?
0
-9 - 0 - (-421 - -404)
8
What is -18 - -11 - (9 - 4)?
-12
32 + (4 - 6) + -8
22
Evaluate (-5 - 2) + -1 + (15 - 13 - 0).
-6
Calculate -5 + -1 + (1 - 6 - (1 + -13)).
1
-6 - (-12 + 8 + -32)
30
Evaluate (-20 + 18 - (5 - 2)) + 5 - 6.
-6
Evaluate (-1 - (-9 - (-7 + 12))) + 0.
13
6 + 2 + (76 - 65)
19
What is the value of 5 + -4 + 1 + (-3 - -4) + -2?
1
What is the value of 13 - 3 - (-4 - ((0 - -4) + -10))?
8
What is (-10 - -2) + 33 + (10 + -11 - 6)?
18
4 + 19 + (9 - 27)
5
Calculate -17 + 3 + 1 + -2 - (-44 - -40).
-11
Evaluate (-2 - (1 + -2)) + (-33 - (-45 - -20)).
-9
What is the value of (3 + -5 + 3 - -3 - 12) + 8?
0
Calculate 2 - -10 